{"id":173,"date":"2023-09-24T20:48:11","date_gmt":"2023-09-24T20:48:11","guid":{"rendered":"https:\/\/t-inside.com\/?post_type=product&#038;p=173"},"modified":"2023-11-14T20:27:28","modified_gmt":"2023-11-14T20:27:28","slug":"protein-pancake","status":"publish","type":"product","link":"https:\/\/t-inside.com\/index.php\/produkt\/protein-pancake\/","title":{"rendered":"Protein Pancake"},"content":{"rendered":"<p>PROTEINOWA mieszanka do przyrz\u0105dzenia pysznych nale\u015bnik\u00f3w.<\/p>\n<ul>\n<li>Smaczny i pe\u0142nowarto\u015bciowy posi\u0142ek<\/li>\n<li>Szybki i \u0142atwy w przygotowaniu<\/li>\n<li>Zawiera Koncentrat BIA\u0141KA SERWATKI<\/li>\n<li>Du\u017ca zawarto\u015b\u0107 p\u0142atk\u00f3w owsianych<\/li>\n<\/ul>\n<div class=\"wpb_column vc_column_container vc_col-sm-6\">\n<div class=\"vc_column-inner\">\n<div class=\"wpb_wrapper\">\n<div class=\"wpb_text_column wpb_content_element\">\n<div class=\"wpb_wrapper\">\n<p>To mieszanka z kt\u00f3rej w \u0142atwy spos\u00f3b mo\u017cna przygotowa\u0107 pyszne nale\u015bniki.<br \/>\n<strong>PANCAKE SPORTERS<\/strong>\u00a0zosta\u0142 przygotowany specjalnie dla dzieci i m\u0142odzie\u017cy.\u00a0Jest wzbogacony koncentratem bia\u0142ka serwatkowego WPC.<br \/>\nWPC to bia\u0142ko pochodzenia zwierz\u0119cego, otrzymywane z serwatki powstaj\u0105cej w<br \/>\nprocesie obr\u00f3bki mleka. Bia\u0142ko to w znaczny spos\u00f3b przyczynia si\u0119 do budowy i<br \/>\nutrzymania bezt\u0142uszczowej masy mi\u0119\u015bniowej oraz przyspiesza regeneracj\u0119<br \/>\npotreningow\u0105.<\/p>\n<\/div>\n<\/div>\n<\/div>\n<\/div>\n<\/div>\n<div class=\"wpb_column vc_column_container vc_col-sm-6\">\n<div class=\"vc_column-inner\">\n<div class=\"wpb_wrapper\">\n<div class=\"wpb_text_column wpb_content_element\">\n<div class=\"wpb_wrapper\">\n<h4>Zastosowanie<\/h4>\n<p>Mieszanka nale\u015bnikowa to idealne rozwi\u0105zanie dla os\u00f3b, kt\u00f3re poszukuj\u0105 ciekawych, odmiennych i kreatywnych sposob\u00f3w zwi\u0119kszenia ilo\u015bci spo\u017cywanego bia\u0142ka.<\/p>\n<\/div>\n<\/div>\n<div class=\"wpb_text_column wpb_content_element\">\n<div class=\"wpb_wrapper\">\n<p>Opakowanie 770 g zawiera 7 porcji.<\/p>\n<h4>Spos\u00f3b przygotowania:<\/h4>\n<p>Wymiesza\u0107 4 miarki (110g) produktu z 220 ml wody, u\u017cywaj\u0105c blendera. Nast\u0119pnie sma\u017cy\u0107 na \u015brednim ogniu na niewielkiej ilo\u015bci t\u0142uszczu formuj\u0105c niewielkie placki. Gdy na plackach zaczynaj\u0105 pojawia\u0107 si\u0119 b\u0105belki, przekr\u0119ci\u0107 na drug\u0105 stron\u0119. Podawa\u0107 na ciep\u0142o lub po ostudzeniu.<\/p>\n<p><strong>SK\u0141AD:<\/strong><br \/>\nprodukty z mleka (koncentrat bia\u0142ka serwatkowego WPC80, ma\u015blanka, mleko odt\u0142uszczone), p\u0142atki owsiane bezglutenowe, cukier trzcinowy, jaja (bia\u0142ko jaja w proszku, \u017c\u00f3\u0142tko w proszku), siemie lniane mielone, aromaty, kazeinian sodu, mieszanka t\u0142uszczy (t\u0142uszcz kokosowy, olej MCT w proszku),<br \/>\nregulatory kwasowo\u015bci: w\u0119glany sodu, substancja zag\u0119szczaj\u0105ca: guma ksantanowa, lecytyna rzepakowa, s\u00f3l himalajska, barwnik: beta-karoteny.<\/p>\n<p><strong>TABELA WARTO\u015aCI:<\/strong><\/p>\n<table width=\"634\">\n<tbody>\n<tr>\n<td width=\"318\">Warto\u015b\u0107 energetyczna<\/td>\n<td width=\"318\">464 kcal \/ 1952 kJ<\/td>\n<\/tr>\n<tr>\n<td width=\"318\">T\u0142uszcz [g]<\/td>\n<td width=\"318\">14,4<\/td>\n<\/tr>\n<tr>\n<td width=\"318\">w tym nasycone kwasy t\u0142uszczowe [g]<\/td>\n<td width=\"318\">3,9<\/td>\n<\/tr>\n<tr>\n<td width=\"318\">W\u0119glowodany [g]<\/td>\n<td width=\"318\">44,7<\/td>\n<\/tr>\n<tr>\n<td width=\"318\">w tym cukry [g]<\/td>\n<td width=\"318\">20,1<\/td>\n<\/tr>\n<tr>\n<td width=\"318\">B\u0142onnik [g]<\/td>\n<td width=\"318\">4,6<\/td>\n<\/tr>\n<tr>\n<td width=\"318\">Bia\u0142ko [g]<\/td>\n<td width=\"318\">36,7<\/td>\n<\/tr>\n<tr>\n<td width=\"318\">S\u00f3l [g]<\/td>\n<td width=\"318\">2,23<\/td>\n<\/tr>\n<\/tbody>\n<\/table>\n<\/div>\n<\/div>\n<\/div>\n<\/div>\n<\/div>\n","protected":false},"excerpt":{"rendered":"<p>PROTEINOWA mieszanka do przyrz\u0105dzenia pysznych nale\u015bnik\u00f3w. Smaczny i pe\u0142nowarto\u015bciowy posi\u0142ek Szybki i \u0142atwy w przygotowaniu Zawiera Koncentrat BIA\u0141KA SERWATKI Du\u017ca zawarto\u015b\u0107 p\u0142atk\u00f3w owsianych To mieszanka z kt\u00f3rej w \u0142atwy spos\u00f3b mo\u017cna przygotowa\u0107 pyszne nale\u015bniki. PANCAKE SPORTERS\u00a0zosta\u0142 przygotowany specjalnie dla dzieci i m\u0142odzie\u017cy.\u00a0Jest wzbogacony koncentratem bia\u0142ka serwatkowego WPC. WPC to bia\u0142ko pochodzenia zwierz\u0119cego, otrzymywane z serwatki [&hellip;]<\/p>\n","protected":false},"featured_media":174,"comment_status":"open","ping_status":"closed","template":"","meta":{"_et_pb_use_builder":"","_et_pb_old_content":"","_et_gb_content_width":""},"product_brand":[],"product_cat":[23],"product_tag":[95,92,98,97,96,94],"class_list":{"0":"post-173","1":"product","2":"type-product","3":"status-publish","4":"has-post-thumbnail","6":"product_cat-suplementy","7":"product_tag-bialko-dla-juniorow","8":"product_tag-produkty-sporters","9":"product_tag-protein-pancake","10":"product_tag-suplementy-dla-dzieci-powyzej-10-lat","11":"product_tag-suplementy-dla-juniorow-sportowcow","12":"product_tag-suplementy-dla-mlodych-sportowcow","14":"first","15":"instock","16":"featured","17":"shipping-taxable","18":"purchasable","19":"product-type-simple"},"_links":{"self":[{"href":"https:\/\/t-inside.com\/index.php\/wp-json\/wp\/v2\/product\/173","targetHints":{"allow":["GET"]}}],"collection":[{"href":"https:\/\/t-inside.com\/index.php\/wp-json\/wp\/v2\/product"}],"about":[{"href":"https:\/\/t-inside.com\/index.php\/wp-json\/wp\/v2\/types\/product"}],"replies":[{"embeddable":true,"href":"https:\/\/t-inside.com\/index.php\/wp-json\/wp\/v2\/comments?post=173"}],"wp:featuredmedia":[{"embeddable":true,"href":"https:\/\/t-inside.com\/index.php\/wp-json\/wp\/v2\/media\/174"}],"wp:attachment":[{"href":"https:\/\/t-inside.com\/index.php\/wp-json\/wp\/v2\/media?parent=173"}],"wp:term":[{"taxonomy":"product_brand","embeddable":true,"href":"https:\/\/t-inside.com\/index.php\/wp-json\/wp\/v2\/product_brand?post=173"},{"taxonomy":"product_cat","embeddable":true,"href":"https:\/\/t-inside.com\/index.php\/wp-json\/wp\/v2\/product_cat?post=173"},{"taxonomy":"product_tag","embeddable":true,"href":"https:\/\/t-inside.com\/index.php\/wp-json\/wp\/v2\/product_tag?post=173"}],"curies":[{"name":"wp","href":"https:\/\/api.w.org\/{rel}","templated":true}]}}